the tens digit of -9 + 5571/27 - (-1)/(-3)?
9
Suppose -5*z - 3759 = -4*h, 3 = -5*z - 12. What is the tens digit of h?
3
Let d be 12/7 - 10/(-35). Let x(n) = -1 - 6*n**d + 2*n + 2*n**2 - 3*n**2 + 8*n**2. What is the units digit of x(-3)?
2
What is the tens digit of -7 - -11 - (-1358 + 8)?
5
Suppose -5*h = 5*o + 30, -3*h - 11 = -2*o - 3. Let p = o - 4. What is the units digit of (-1)/p + (-190)/(-12)?
6
Suppose -q + 2*f + 168 = 0, -172 = 5*q - 6*q + 3*f. What is the units digit of q?
0
Let f(q) = -q**3 + q**2 + 64*q + 5119. What is the units digit of f(0)?
9
Suppose 0 = c - 3*c + 24. What is the units digit of (-32)/c*15/(-4)?
0
Let x = -31 - -66. Let j(f) = -x*f + 0*f**2 + 2*f**2 + 40*f - 7. What is the units digit of j(3)?
6
What is the tens digit of ((-80)/(-28))/((-4)/(-658))?
7
Let n = -5413 + 7632. What is the tens digit of n?
1
Suppose 1008 = 6*r - 3*r. What is the tens digit of r?
3
Let j = -94 - -92. What is the units digit of 4 + 2 - (-1)/(-1 - j)?
7
Let h(p) = -7*p + 18*p - 26 + p + 17*p. What is the units digit of h(7)?
7
Let i be 1 - -1 - (-1 + 0). Suppose -7*x = -14*x + 35. Suppose q - 25 = -0*q - i*n, -5*n = -x*q + 125. What is the units digit of q?
5
Suppose -3*i + 6*i + 3*y = 2922, -4*y = -16. What is the hundreds digit of i?
9
Suppose -13635 = -17*z - 3962. What is the units digit of z?
9
Let v(u) = 18*u**2 + 55*u - 18. What is the hundreds digit of v(8)?
5
Let k(x) = x**2 + 2*x + 5. Let w be k(-2). Suppose y = -w*a - 4*y + 310, 0 = 2*a - y - 118. What is the tens digit of a?
6
Let c = -1686 - -3422. What is the units digit of c?
6
Suppose 5*d - 3*u = -606, d + 122 = -0*d + u. Let w = 133 + d. What is the tens digit of w?
1
Let v(f) = -3*f**3 + 33*f**2 - 47*f + 35. Let h(i) = -2*i**3 + 22*i**2 - 31*i + 23. Let q(b) = -8*h(b) + 5*v(b). What is the tens digit of q(10)?
2
What is the units digit of -1 + -2 + 5 - 82*-12?
6
Let g(f) = -4*f**3 + f**2 - 5*f - 4. Let k be g(-4). Let h = k + -79. What is the units digit of h?
9
Suppose -4*q - u = -6*q + 5, -4*q + u + 7 = 0. What is the tens digit of (q - 42/9)*39*-1?
4
Suppose 2214 + 2471 = 5*i. What is the tens digit of i?
3
Suppose -3 - 9 = -4*f. Suppose -2*l - 4*c = 2, -3*l = -2*c - f*c - 19. What is the units digit of l + 0 + -3 - -15?
5
Let c(h) = h**3 + 13*h**2 + h + 14. Let x(p) = p + 7. Let k be x(-20). What is the units digit of c(k)?
1
Suppose 0 = -4*y - i + 518, 2*y - 6*y = -4*i - 508. Let s be y/1 - (-8 + 11). Suppose -s = -5*a + 4*q, 0 = 5*a + 3*q - 9 - 89. What is the units digit of a?
2
Let l(h) be the first derivative of -h**4/4 - 2*h**3 + h**2/2 - 6*h + 1. Let r be l(-6). What is the units digit of (r/(-10))/(8/20)?
3
Let i = 12 - -12. Let v = 27 - i. Suppose -v*d + 350 = 4*d. What is the tens digit of d?
5
What is the tens digit of (14 + 3)/((-5)/(-320))?
8
Let f be (-91)/5 - (-2)/10. Let a be f*((-5)/(-3) + -2). Suppose 0*c + 90 = a*c. What is the tens digit of c?
1
Suppose -3291 = -9*g + 3972. What is the tens digit of g?
0
Let q = -10 - -3. Let g = -4 - q. Suppose 0 = -g*y - 18 + 24. What is the units digit of y?
2
Suppose -2*j = 3*n + 5 - 32, 5*j - n = 76. Suppose -14*y + j*y - 59 = 0. What is the units digit of y?
9
Let d = 14 + 1. Suppose 4*t = 3*t + d. What is the units digit of t?
5
Suppose -m = -2, 3*t - 6*m + 3*m - 12 = 0. Let p be -1 - t/4*-2. What is the units digit of (p/6)/((-1)/(-93))?
1
Let h = -330 - -62. What is the units digit of 3/6 - h/8?
4
Let t(w) = 2*w - 18. Let f be t(9). Suppose -3*b - 2*v = -210, -v - 65 = -b - f*v. What is the units digit of b?
8
Suppose 30*m - 6 = 28*m. Suppose 0*r - m*r = -2*j - 300, 0 = r - 5*j - 100. What is the tens digit of r?
0
What is the hundreds digit of 391*2 - (13 + -20)?
7
Let m(a) = a**3 + 9*a**2 + 16*a + 17. Let j be m(-7). Suppose r - 996 = -j*r. What is the units digit of r?
9
Let o be -6*(-2 + 15/9). Suppose 0 = -o*d - 4*u + 201 + 67, -3*d = 4*u - 404. What is the tens digit of d?
3
Let h = 5 - -96. Let t = h + -63. What is the units digit of t?
8
Let o = -848 + 1503. What is the tens digit of o?
5
What is the units digit of (655/20)/(6/96)?
4
Let s = -53 - -77. Let j be (5 - 10)*1*-2 - 4. Suppose j = -4*n - 2, s = 4*v + 4*n. What is the units digit of v?
8
Suppose -4*j - 4*g + 20 = -3*g, 4*g - 16 = 0. Suppose 0 = -0*b - j*b + 68. Suppose -p = 2*s - 30, 0*s = s + p - b. What is the tens digit of s?
1
What is the units digit of (95 - -2)*(-6 - 14/(-1))?
6
Let i = -21 - -155. Let v = i - 66. What is the units digit of v?
8
Suppose -3*j + 12 = 0, -4*j + 533 = 6*t - 1679. What is the hundreds digit of t?
3
Suppose 2*t - 3*v + 1 + 0 = 0, 3 = -2*t + v. What is the tens digit of 185 + ((-1)/t - 20/8)?
8
Suppose -5*f - 3*c + 13 = -c, -7 = -2*f + c. What is the tens digit of (-1)/f + (-1622)/(-6)?
7
Let g(b) be the third derivative of b**5/60 + b**4/3 + 5*b**3/3 - 17*b**2. Let m = 10 + -18. What is the units digit of g(m)?
0
Suppose -2*m - x = -499 - 288, -2*m + 789 = -x. What is the units digit of m?
4
Let d be 0/(3/(-5) - (-2)/(-5)). What is the hundreds digit of 148 + d/(-3) + 4?
1
Let x(b) = -4*b**3 - 2*b**2 - 5*b - 3. Let i be x(-1). Suppose -1299 = -5*n + 3*s, 3*n - i*s - 827 = -52. What is the hundreds digit of n?
2
Let v be ((-4)/8)/(1/(-2)). What is the tens digit of 76 + -1 + -2 + v?
7
What is the tens digit of ((-54)/(-10))/((-63)/(-20) + -3)?
3
What is the units digit of -2 + ((-100)/2)/(4/(-98))?
3
Let s(o) = -3*o - 14. Let p be s(-6). Suppose -46 = -2*l - y, 2*y - 6*y - 92 = -p*l. What is the units digit of l?
3
Let j(n) = n**2 - 4*n + 6. Let z(g) = -g + 11. Let i be z(8). Let p be j(i). Suppose 0 = p*s - 5*h - 72 - 21, -4*h = 3*s - 120. What is the tens digit of s?
3
Let h be (-8)/(-10) + (414/(-15))/2. Let y(z) = -21*z - 22. What is the units digit of y(h)?
1
What is the hundreds digit of (1 - -1)*14/14*359?
7
Let t be (-2085)/(-10)*32/3. Suppose -2*d + t = 14*d. What is the hundreds digit of d?
1
Let d = -4 - -9. Suppose z + 4*z - 253 = 3*v, -d*v = -2*z + 105. Suppose -m = -2*m + z. What is the tens digit of m?
5
Let x(a) be the third derivative of a**5/20 + a**4/24 + a**3/3 - 5*a**2. Let c be x(-5). Suppose -d + c = 2*d. What is the tens digit of d?
2
Let u(f) = -3*f + 6. Let q be u(3). Let s(l) = -l**3 - 4*l**2 - 2*l - 2. Let t be s(q). Let v = 31 - t. What is the tens digit of v?
3
Suppose -2*u = -1 - 7, -4*o + 2*u - 4 = 0. Suppose p = 2*p - 14. Let d = p - o. What is the units digit of d?
3
Let m(a) be the second derivative of -a**3/3 + 11*a**2/2 + 10*a. What is the units digit of m(-6)?
3
Let u = -2177 + 3253. Suppose 0 = -29*h + 25*h + u. What is the units digit of h?
9
Suppose 3*p + 4*g = -10, 4*p + 12 = -0*g - 5*g. Let z be 46/4 + (-1)/p. Let m(t) = t**2 - 10*t. What is the tens digit of m(z)?
1
Let c(q) = -19*q - 1. Let s(d) = -d**2 + 15*d + 2*d**2 - 3*d + 8. Let p be s(-11). What is the tens digit of c(p)?
5
Let c be 5/(-2)*(-4 - (-1224)/(-15)). Suppose 3*s - 53 = c. What is the units digit of s?
9
What is the tens digit of 0 - 1965/(-7) - 8/(-28)?
8
What is the tens digit of (-25 - -1129) + (-1 - -1) + 3?
0
Let j(h) = 19*h**2 - 66*h - 756. What is the hundreds digit of j(-10)?
8
Let u(t) be the second derivative of t**3/6 - 3*t**2/2 - 3*t. Let s be u(3). Let v(o) = o**3 - o + 25. What is the tens digit of v(s)?
2
Let t = 9 + -11. Let a = t - -1. What is the units digit of (1 + -2)/(a/19)?
9
Let v(u) = -u + 1. Suppose 3*b - 4*b + 18 = 0. Let n(d) = -14*d + 10. Let j(k) = b*v(k) - 2*n(k). What is the units digit of j(2)?
8
Let l(m) = 5*m**3 - 2*m**2 + 2*m - 1. Let w be l(1). Suppose -w*n + 7 = 3*q, 2*n + 0*n = -2*q + 4. What is the units digit of n?
1
Let l = 62 - 43. Suppose -3*g = -59 - l. What is the units digit of g?
6
Let c be ((-4)/5)/((-1)/(-10)). Let b = c - -12. Suppose 0*r = 5*k + r - 215, b*r = 0. What is the units digit of k?
3
Let o = -83 - -159. Let j = o + 2. What is the units digit of j?
8
Let m(w) = w**3 - 2*w**2 + 2*w. Suppose -5*v = -46 - 29. Let k be (6 + -2)*v/20. What is the tens digit of m(k)?
1
Suppose -4*m = -2 + 10. Let v be -12*-1*m/(-6). Suppose -v*r + 4 + 16 = 0. What is the units digit of r?
5
Let v be 4/(-12)*-6 + 66. Let x = 60 + v. What is the hundreds digit of x?
1
Suppose 0 = q - 7*q + 30. Suppose q*s + 3*a = 146, 3*s + 0*a + a = 86. What is the tens 